pose m + 15 = 4. Let z = -9 - m. Suppose -2*y - f + 3 = 0, 3*f = -y - 2*f - 12. What is the remainder when y is divided by z?
1
Suppose 4*v = -2*r + r + 20, 5*r - 28 = -2*v. Suppose w = 2*n + 23, -2*n - 137 = -5*w - 3*n. Suppose w = r*m - 9. What is the remainder when m is divided by 5?
4
What is the remainder when 51 + -6 - (1 + -1) is divided by -46*(-2)/8*2?
22
Let h be (-168)/16*(-28)/6. Suppose 5*n - 20 = -4*r + h, -2*n - r + 30 = 0. What is the remainder when n is divided by 6?
5
Let p(r) = -6*r + 12. Let g be p(-5). Let u = -6 + g. What is the remainder when u is divided by 19?
17
Let r = 2 - 4. Let v = 1 - r. What is the remainder when 21 is divided by v + (-18)/(4/(-2))?
9
Let z(c) = -7*c - 7. What is the remainder when 13 is divided by z(-2)?
6
Calculate the remainder when 24 is divided by (3 - 6)*(-3 - 0).
6
Let n(c) be the first derivative of c**3/3 + c**2/2 + 5*c - 4. Calculate the remainder when 14 is divided by n(0).
4
Suppose -3*x + 15 = -3*k, 4*x = k + 19 - 2. Suppose x*l + 1 = 37. What is the remainder when 26 is divided by l?
8
Let m = -110 + 184. Suppose -6 = -b + 13. Calculate the remainder when m/(0 - 2*-1) is divided by b.
18
Let j(t) = -16*t**2 - 3*t. Let g be j(-2). Let k = g + 96. What is the remainder when k is divided by 10?
8
Let m be ((-3)/(-5))/(2/20). Suppose -3*v + 2*u = m*u - 77, 2*v - 46 = -4*u. Let b = v - 15. What is the remainder when 30 is divided by b?
14
Let r(t) = 14*t - 5. Calculate the remainder when r(2) is divided by 13.
10
Let c = 9 - 3. What is the remainder when (1*-3)/(c/(-4)) is divided by 1?
0
Suppose 19 = 2*n - 9. What is the remainder when 52 is divided by n?
10
Suppose -i - 2*j - 4 = 5, j - 27 = 4*i. Let q(w) = -6*w + 8. What is the remainder when q(i) is divided by ((-17)/(-2))/(2/4)?
16
Let m = 17 - -7. Let j = m - 15. Calculate the remainder when j is divided by 6.
3
Calculate the remainder when 8 is divided by 0 + (-18)/(-2) - 6.
2
Suppose -9*h + 14*h - 145 = 0. Calculate the remainder when h is divided by 8.
5
Let s = -8 - -7. Suppose -y - 1 = 2. Let p = s - y. Calculate the remainder when 3 is divided by p.
1
Let c = -2 + 4. Suppose -c*z + 101 = 3*u, 3 = -z - 2. What is the remainder when u is divided by 10?
7
Let i(t) = t**3 + 4*t**2 + t - 3. Let c be i(-3). Suppose -37 = -c*k + 41. Let f(m) = -15*m**3 - 2*m**2 + 1. Calculate the remainder when k is divided by f(-1).
12
Let d = 3 + 4. Let t(o) = 3*o - 9. Let g(w) = w**3 - w + 23. Calculate the remainder when g(0) is divided by t(d).
11
Let r(j) = 3*j**2 + 3*j + 11. Calculate the remainder when 86 is divided by r(-3).
28
Let l be (2 + -3)*1 - -3. Calculate the remainder when 28 is divided by 13 + (1 + l)/(-1).
8
Let o = 54 + -29. What is the remainder when o is divided by 14?
11
Suppose -49 = -4*f + 19. Let k = -15 - -64. What is the remainder when k is divided by f?
15
Let r(p) = -5 + p**3 + 0*p + 3*p - 5*p**2 - p**2 + 0*p. Calculate the remainder when r(6) is divided by 7.
6
Let o = -69 - -94. Calculate the remainder when 90 is divided by o.
15
Let a(b) = 3 - b**2 - 3 - 1 + 9*b. What is the remainder when 33 is divided by a(6)?
16
Suppose b = -3*a - 3*b + 146, 4*b - 20 = 0. Let v(w) = w + 2. Calculate the remainder when a is divided by v(13).
12
Suppose 0 = 3*v + 2*v - 15. Suppose 0*o + p + 49 = v*o, 4*p + 16 = 0. What is the remainder when 58 is divided by o?
13
Let r = -52 + 67. Calculate the remainder when 57 is divided by r.
12
Let z(l) be the first derivative of l**2/2 + 13*l + 2. Calculate the remainder when 24 is divided by z(0).
11
Let g = 25 + -14. Let u(b) = b**2 + 7*b - 5. Let p be u(-8). Suppose -3*d - r + 19 = 0, -5*r = -p*d + 10 + 3. What is the remainder when g is divided by d?
5
Let m be (-1)/((-4)/127)*4. Let h = -88 + m. Calculate the remainder when h is divided by 10.
9
Let k(p) = 17*p - 6. What is the remainder when k(2) is divided by 17?
11
Calculate the remainder when ((-21)/(-6))/((-8)/(-112)) is divided by (-26)/(-2) - (0 + 0).
10
Suppose -j - z - 3*z + 7 = 0, 0 = 3*j + 2*z - 41. Let r = j + -6. What is the remainder when 24 is divided by r?
6
What is the remainder when 54 is divided by ((-42)/(-9))/((-2)/(-6))?
12
Suppose -5*t = 3*s - 786, -2*t - 4*s = -s - 309. Calculate the remainder when t is divided by 32.
31
Let w be (33/55)/((-2)/(-10)). Calculate the remainder when 77/w - (-7)/21 is divided by 14.
12
Suppose 0 = -5*j - 121 + 631. Calculate the remainder when j is divided by 21.
18
Let p = 28 - 10. What is the remainder when 71 is divided by p?
17
Let d = 11 + -15. Let y = 4 + d. Calculate the remainder when -1 + 31 + y + -1 is divided by 15.
14
Suppose 0*x - 2*x + 14 = 0. Let m be (-3 + (6 - 1))*1. Suppose s - 44 = -m*s - 5*n, 4*s - 4*n - 48 = 0. Calculate the remainder when s is divided by x.
6
Suppose -6*j - 43 = -7*j. Calculate the remainder when j is divided by 9.
7
Suppose i + 24 = 4*k, k + i - 18 = -2*k. Let c = k - 1. Let j = -7 + 21. What is the remainder when j is divided by c?
4
What is the remainder when ((-4)/10)/(1/(-210)) is divided by 22?
18
Let q = -6 + 4. Let i be (6/15)/(q/(-10)). Suppose 1 = a - 4*h, 0*a - i*h - 32 = -2*a. What is the remainder when a is divided by 6?
3
Suppose 11 = 2*t + 1. Let o = 13 - t. Let f = -2 + 5. Calculate the remainder when o is divided by f.
2
Suppose -4*t = 0, -2*b + 4*t = -3*b - 5. Let r(q) = 3*q**2 + 5*q + 11. What is the remainder when r(b) is divided by 16?
13
Suppose 4*g - 2*d - 4 = 0, 4*g + 2*d = -0 - 4. Suppose g = -0*r - r + 16. Calculate the remainder when 28 is divided by r.
12
Let f(z) = z**2 + 6*z + 2. Let k be f(-6). Suppose 0 = k*g + 3*c - 16, c = -g + 2*c + 18. Let d = 56 + -30. What is the remainder when d is divided by g?
12
Let p = -1 - -23. Calculate the remainder when 63 is divided by p.
19
Let j(a) = -a**3 - 2*a**2 - 2*a - 2. Calculate the remainder when 36 is divided by j(-3).
10
Suppose -l - 102 = -5*b, -b + l = -3*b + 38. Let q = -23 - -34. What is the remainder when b is divided by q?
9
Calculate the remainder when 16 is divided by (11 + -18)*(1 - 24/14).
1
Let r = 8 - 0. Calculate the remainder when 28 is divided by r.
4
Let i = -6 - -22. Let p be (10/(-2) + -1)*1. Calculate the remainder when i is divided by ((-6)/(-7))/(p/(-42)).
4
Let v(x) = x**2 - 7*x + 6. Let r be v(6). Suppose r = -3*t + t + 42. Let b(z) = -3*z - 7. Calculate the remainder when t is divided by b(-6).
10
Suppose -c - 11 = -2*b, -2*c + 15 = 2*b + c. Let d(a) = -a + 13. What is the remainder when b is divided by d(9)?
2
Calculate the remainder when (-7)/((-84)/32)*(-2 - -26) is divided by 11.
9
Calculate the remainder when 160 + 4/((-20)/5) is divided by 18.
15
Suppose -3*k = -6*k + 15. Let p(o) = o**2 - 4*o + 1. Let n be p(5). Let t = 14 - n. Calculate the remainder when t is divided by k.
3
Suppose 12*p = 13*p - 178. What is the remainder when p is divided by 10?
8
What is the remainder when (-8)/16 + (-35)/(-2) is divided by 5?
2
Let k(d) = d**3 - 6*d**2 - d - 3. Let m = -23 - -30. What is the remainder when k(m) is divided by 20?
19
Suppose 72 = -2*w + 6*w. What is the remainder when 2 + -5 + (70 - -3) is divided by w?
16
Let j(z) = 4*z + 5. Let p be j(-3). Let d(i) = i + 12. What is the remainder when 8 is divided by d(p)?
3
Suppose 0*a + 126 = 4*a - 5*c, 3*a + 5*c = 77. Calculate the remainder when 86 is divided by a.
28
Let s(p) = -3*p - 4 + 0*p + 2*p + 18. Let a be s(12). Suppose -3 = -v + a. Calculate the remainder when v is divided by 2.
1
Suppose -18 = 3*k + 3*w, 5*k + 4*w = -35 + 8. Let o be 1/(-2)*(k - -1). What is the remainder when 38 is divided by (0 - -13)*(0 + o)?
12
Suppose 5*p + g - 6 = -3, 5*g = p + 15. Let y(u) = -u**2 + 6. Let r(v) = 5*v - 3. Calculate the remainder when r(4) is divided by y(p).
5
Let g = 29 + -17. Let w(s) = -6*s**2 - 8*s + 10. Let d(t) = 5*t**2 + 7*t - 9. Let n(b) = 5*d(b) + 4*w(b). What is the remainder when n(5) is divided by g?
11
Let d = -107 - -154. What is the remainder when d is divided by 25?
22
Suppose -7 = -2*p + 41. Let w(m) = m**3 + m**2 + m - 1. Calculate the remainder when p is divided by w(2).
11
Suppose -f + 2*u = -3, 5*f - 3*f - 5*u = 9. Let r = f + 9. What is the remainder when (2 + 1)/(r/64) is divided by 17?
15
Suppose -3*d - 106 = -5*d. Suppose d = 2*x + 15. What is the remainder when 55 is